{"id":2,"date":"2011-01-18T11:34:38","date_gmt":"2011-01-18T09:34:38","guid":{"rendered":"http:\/\/lateliersouslestoits.free.fr\/blog\/?page_id=2"},"modified":"2015-03-10T10:07:17","modified_gmt":"2015-03-10T09:07:17","slug":"a-propos","status":"publish","type":"page","link":"https:\/\/lateliersouslestoits.pages-perso.free.fr\/blog\/index.php\/a-propos\/","title":{"rendered":"\u00c0 propos"},"content":{"rendered":"<p>Ce blog est con\u00e7u pour <strong>exposer les textes <\/strong>produits pendant les  ateliers d\u2019\u00e9criture et les partager avec les participants et les internautes de  passage.<br \/>\n&nbsp;<br \/>\nChaque participant de <em>l&rsquo;Atelier sous les Toits<\/em> peut acc\u00e9der gratuitement \u00e0 l&rsquo;espace de gestion du blog, gr\u00e2ce \u00e0 un identifiant et un mot de passe. Cet acc\u00e8s lui permet de g\u00e9rer librement sa propre production.<br \/>\n&nbsp;<br \/>\nLes lecteurs sont invit\u00e9s \u00e0 r\u00e9agir aux textes lus et \u00e0 partager leurs impressions et leur ressenti.<\/p>\n","protected":false},"excerpt":{"rendered":"<p>Ce blog est con\u00e7u pour exposer les textes produits pendant les ateliers d\u2019\u00e9criture et les partager avec les participants et les internautes de passage. &nbsp; Chaque participant de l&rsquo;Atelier sous les Toits peut acc\u00e9der gratuitement \u00e0 l&rsquo;espace de gestion du &hellip; <a href=\"https:\/\/lateliersouslestoits.pages-perso.free.fr\/blog\/index.php\/a-propos\/\">Continuer la lecture <span class=\"meta-nav\">&rarr;<\/span><\/a><\/p>\n","protected":false},"author":124,"featured_media":0,"parent":0,"menu_order":0,"comment_status":"closed","ping_status":"closed","template":"","meta":[],"_links":{"self":[{"href":"https:\/\/lateliersouslestoits.pages-perso.free.fr\/blog\/index.php\/wp-json\/wp\/v2\/pages\/2"}],"collection":[{"href":"https:\/\/lateliersouslestoits.pages-perso.free.fr\/blog\/index.php\/wp-json\/wp\/v2\/pages"}],"about":[{"href":"https:\/\/lateliersouslestoits.pages-perso.free.fr\/blog\/index.php\/wp-json\/wp\/v2\/types\/page"}],"author":[{"embeddable":true,"href":"https:\/\/lateliersouslestoits.pages-perso.free.fr\/blog\/index.php\/wp-json\/wp\/v2\/users\/124"}],"replies":[{"embeddable":true,"href":"https:\/\/lateliersouslestoits.pages-perso.free.fr\/blog\/index.php\/wp-json\/wp\/v2\/comments?post=2"}],"version-history":[{"count":9,"href":"https:\/\/lateliersouslestoits.pages-perso.free.fr\/blog\/index.php\/wp-json\/wp\/v2\/pages\/2\/revisions"}],"predecessor-version":[{"id":5448,"href":"https:\/\/lateliersouslestoits.pages-perso.free.fr\/blog\/index.php\/wp-json\/wp\/v2\/pages\/2\/revisions\/5448"}],"wp:attachment":[{"href":"https:\/\/lateliersouslestoits.pages-perso.free.fr\/blog\/index.php\/wp-json\/wp\/v2\/media?parent=2"}],"curies":[{"name":"wp","href":"https:\/\/api.w.org\/{rel}","templated":true}]}}

À propos

<p>Ce blog est conçu pour <strong>exposer les textes </strong>produits pendant les  ateliers d’écriture et les partager avec les participants et les internautes de  passage.<br />
&nbsp;<br />
Chaque participant de <em>l&rsquo;Atelier sous les Toits</em> peut accéder gratuitement à l&rsquo;espace de gestion du blog, grâce à un identifiant et un mot de passe. Cet accès lui permet de gérer librement sa propre production.<br />
&nbsp;<br />
Les lecteurs sont invités à réagir aux textes lus et à partager leurs impressions et leur ressenti.</p>

<p>Ce blog est conçu pour exposer les textes produits pendant les ateliers d’écriture et les partager avec les participants et les internautes de passage. &nbsp; Chaque participant de l&rsquo;Atelier sous les Toits peut accéder gratuitement à l&rsquo;espace de gestion du &hellip; <a href="https://lateliersouslestoits.pages-perso.free.fr/blog/index.php/a-propos/">Continuer la lecture <span class="meta-nav">&rarr;</span></a></p>
